6202135.
1065
What is the highest common divisor of 156 and 52127452?
52
Calculate the highest common factor of 1637057 and 1403.
61
Calculate the greatest common divisor of 16989298 and 6657.
317
Calculate the highest common divisor of 13 and 7366229.
13
What is the greatest common divisor of 560 and 514876880?
560
Calculate the greatest common factor of 26096 and 10080.
112
What is the highest common divisor of 11680743 and 489?
489
What is the greatest common divisor of 1411404 and 13308?
12
Calculate the highest common factor of 2370 and 9647085.
1185
What is the greatest common divisor of 26966862 and 17901?
1989
Calculate the highest common factor of 14762256 and 4580.
916
Calculate the greatest common factor of 252 and 572063940.
252
What is the highest common factor of 67750 and 116500?
250
What is the greatest common factor of 1006668 and 9672?
156
Calculate the highest common divisor of 2331592 and 29008.
296
Calculate the highest common factor of 11980 and 354025772.
2396
Calculate the highest common factor of 1233207 and 789.
789
What is the greatest common divisor of 60744 and 43692?
12
Calculate the greatest common divisor of 2588547 and 663.
39
Calculate the greatest common factor of 7379239 and 982.
491
What is the greatest common factor of 1710 and 1869390?
90
What is the greatest common divisor of 7454105 and 5?
5
Calculate the highest common divisor of 130455980 and 26660.
860
What is the highest common divisor of 148 and 168461?
37
What is the highest common factor of 1920077516 and 14?
14
What is the greatest common divisor of 3523072 and 182016?
256
Calculate the greatest common factor of 951654 and 36102.
66
Calculate the greatest common divisor of 2286 and 8215173.
9
Calculate the highest common factor of 8890366 and 1302.
62
What is the highest common factor of 49394149 and 2072?
259
Calculate the greatest common divisor of 6872392 and 32.
8
What is the greatest common divisor of 16 and 11801288?
8
What is the highest common factor of 928122 and 3354?
78
What is the greatest common factor of 55990 and 7634?
22
Calculate the greatest common divisor of 2887278 and 57102.
186
Calculate the highest common factor of 898 and 36198.
2
What is the highest common factor of 11153 and 1193281776?
11153
What is the greatest common factor of 2056 and 72848?
8
What is the greatest common factor of 159740 and 3204580?
3260
Calculate the highest common divisor of 201771 and 73028223.
4293
Calculate the highest common factor of 36948216 and 246.
246
Calculate the greatest common factor of 12256036 and 496.
124
Calculate the highest common factor of 2523 and 301261338.
2523
What is the highest common divisor of 140 and 18771550?
70
Calculate the greatest common factor of 76 and 261326.
38
What is the greatest common factor of 22852 and 57721?
197
Calculate the highest common divisor of 3456 and 646560.
288
What is the greatest common factor of 264 and 32333528?
8
Calculate the greatest common factor of 165883680 and 6192.
6192
Calculate the highest common divisor of 6811 and 234392781.
973
What is the greatest common factor of 638819542 and 310?
62
What is the highest common divisor of 18170732 and 424?
212
Calculate the highest common factor of 528444 and 518.
14
What is the greatest common factor of 1090533176 and 12392?
12392
Calculate the greatest common factor of 415941246 and 5796.
2898
What is the greatest common divisor of 97435 and 46461505?
7495
What is the highest common divisor of 103378 and 6446066?
814
What is the greatest common divisor of 49336 and 11509384?
7048
What is the greatest common divisor of 8492799 and 105?
21
Calculate the greatest common divisor of 288 and 421488.
144
What is the greatest common factor of 17336 and 2488?
8
What is the greatest common factor of 192497175 and 17550?
8775
Calculate the greatest common factor of 50927190 and 4350.
870
Calculate the highest common divisor of 10047 and 5763.
51
Calculate the highest common factor of 2645795 and 622795.
1445
Calculate the greatest common divisor of 719 and 690863373.
719
Calculate the highest common divisor of 70672 and 2198.
14
Calculate the greatest common divisor of 154 and 144668818.
14
Calculate the highest common factor of 15317352 and 144.
72
What is the greatest common divisor of 404 and 156419306?
202
What is the highest common factor of 863189 and 16143065?
4769
Calculate the greatest common divisor of 28358144 and 1713.
571
What is the highest common factor of 47 and 1190087?
47
What is the greatest common factor of 2173 and 1276346?
53
What is the highest common divisor of 5751 and 96633?
81
Calculate the highest common divisor of 75 and 3959685.
15
What is the greatest common factor of 60 and 39377496?
12
What is the highest common divisor of 353233874 and 1673?
1673
What is the greatest common divisor of 55647867 and 678?
339
Calculate the highest common divisor of 38 and 3104372.
38
What is the greatest common factor of 2888998 and 5117?
301
Calculate the highest common factor of 7176 and 2756.
52
What is the highest common factor of 6 and 411034482?
6
What is the highest common factor of 22940434 and 806?
62
Calculate the highest common factor of 531 and 6719274.
531
What is the highest common divisor of 13901376 and 512?
64
What is the highest common divisor of 846 and 670690?
94
Calculate the highest common factor of 746 and 603682969.
373
What is the greatest common factor of 7965 and 997041?
177
What is the highest common factor of 420 and 88311580?
140
What is the greatest common factor of 3523 and 837843383?
3523
Calculate the highest common factor of 93483 and 3783.
39
Calculate the highest common divisor of 7726773 and 5109.
393
Calculate the greatest common factor of 9735748 and 22.
22
Calculate the highest common divisor of 951248 and 1440.
16
What is the greatest common factor of 1076202 and 152388?
306
Calculate the greatest common factor of 105 and 17627295.
105
What is the highest common divisor of 5137 and 1039075?
467
Calculate the highest common divisor of 21663590 and 494.
26
What is the greatest common divisor of 87314 and 16?
2
Calculate the greatest common factor of 5990754 and 462.
462
What is the greatest common divisor of 75 and 6372525?
75
What is the highest common divisor of 5459 and 1398087?
53
Calculate the highest common factor of 753584 and 208.
208
What is the greatest common divisor of 43341200 and 3710?
70
What is the highest common factor of 14240 and 439304?
712
Calculate the highest common divisor of 110188910 and 15.
5
Calculate the highest common divisor of 485809 and 51731.
289
Calculate the greatest common factor of 11 and 35521365.
11
What is the highest common factor of 22708 and 683998?
14
Calculate the greatest common divisor of 40679506 and 14.
14
Calculate the greatest common factor of 1921 and 2408821.
113
What is the greatest common divisor of 77228 and 359308?
172
What is the greatest common divisor of 10688442 and 12?
6
What is the greatest common divisor of 15969 and 3435?
3
What is the highest common factor of 10550 and 7231814?
422
Calculate the highest common divisor of 163858799 and 13.
13
What is the highest common factor of 1611 and 69800513?
179
Calculate the greatest common factor of 95556438 and 36.
18
What is the greatest common divisor of 254832 and 336?
48
Calculate the highest common factor of 150780 and 4788.
84
What is the highest common divisor of 105 and 122572975?
35
Calculate the greatest common factor of 1048930050 and 4254.
4254
Calculate the greatest common factor of 660 and 11841621.
33
What is the greatest common factor of 900 and 865548?
36
Calculate the highest common divisor of 2527769 and 46.
23
What is the greatest common divisor of 101193 and 253739?
89
Calculate the highest common divisor of 52381270 and 1675.
335
Calculate the greatest common divisor of 154878 and 6474.
498
What is the greatest common divisor of 23281 and 48588949?
751
Calculate the greatest common factor of 74820 and 41726340.
2580
Calculate the highest common divisor of 169738901 and 415.
83
Calculate the highest common divisor of 2763 and 7549437.
921
What is the highest common factor of 212 and 139076134?
106
What is the greatest common factor of 270 and 922190?
10
Calculate